undreds digit of r?
1
Let d = -644 - -1396. What is the units digit of d?
2
Suppose 0 = -0*w + 2*w - 494. Suppose w = 6*k - 71. What is the tens digit of k?
5
Suppose -203*x + 212*x = 1818. What is the tens digit of x?
0
Suppose 0 = 6*o + 2*h - 1787 - 9457, 5*o - 9350 = 5*h. What is the tens digit of o?
7
What is the units digit of -22*4/20*-100?
0
Let y be 4/12*36/2. Suppose 0 = -5*i + 2*r + 9, -18 - y = -5*i - 3*r. Suppose -s = 3*q - 29, -5*s + i*s - 3*q + 52 = 0. What is the units digit of s?
3
Suppose -9*x - 44 = -5*x. Let s(q) = -18*q - 48. What is the units digit of s(x)?
0
Let w be 0 + 1 + -1 - -4. Let h(g) = 4*g + 72. Let l be h(-19). What is the tens digit of 15 - l/w - 1?
1
Suppose 2*q - 98 = -0*q. Let s be (-145)/(-45) - 4/18. Suppose -s*o + o + q = -3*b, -5*o = 3*b - 70. What is the tens digit of o?
1
Suppose -5*s - 100 = 5*b, 0 = -3*s - s + 2*b - 50. Let k(r) = -r**3 - 14*r**2 + 14*r + 14. What is the tens digit of k(s)?
2
Suppose 3*u = i - 808, 8*u = 3*i + 3*u - 2440. What is the hundreds digit of i?
8
Suppose 5568 = 13*c + 667. What is the hundreds digit of c?
3
Suppose n - 552 = 4*b, 0*n + b - 2191 = -4*n. Let v = 809 - n. What is the units digit of v?
1
Let n(m) = 58*m**2 - 30*m - 154. What is the tens digit of n(-6)?
1
Suppose 2*x + 7 = 1607. What is the hundreds digit of x?
8
Suppose -180*c = -179*c - 8. What is the units digit of c?
8
Let v = 10 + 53. Let g be (-171)/v - (-4)/(-14). What is the units digit of (-8)/4 - g - -27?
8
Suppose 5*w - 5 = -5*s, 1 + 1 = -s. Let o = -3 - -7. Suppose l - 11 = -3*g, 0 = -o*l - 2*g - w*g + 37. What is the units digit of l?
8
Suppose -2*v - 71088 = -26*v. What is the hundreds digit of v?
9
Suppose 5*v + 3*j - 76 = 0, 3*v + 2*v - 2*j = 66. Let k = 22 - v. What is the units digit of k?
8
Suppose -44*j + 45*j - 383 = 0. What is the tens digit of j?
8
Suppose 0*n + 64 = 16*n. Suppose -l + 199 = g, -1013 = -l - n*l + 4*g. What is the hundreds digit of l?
2
Suppose -28*v + 87*v = 235115. What is the units digit of v?
5
Let v = -20 - -24. Suppose v*z + 4*n = -0*n + 176, 5*z + 4*n = 219. What is the tens digit of z?
4
Let p = -7 - -11. Suppose 0*r + 4 = r, 2*v + 3*r = p. What is the units digit of 14/4 + 2/v?
3
Let w(h) = -h**2 + 7*h + 4. Let o be w(6). Let j = o - -12. What is the tens digit of (-22)/(-121) - (-1008)/j?
4
Let q = -15 + 21. Suppose 0 = q*m - 3*m. Suppose m = -v - 21 + 48. What is the tens digit of v?
2
Suppose -5 = -j, -2*i - 2*j = -3*j + 9. What is the tens digit of (-1 + 3)/i*-147 - 1?
4
Let y(s) = -s**3 - 26*s**2 - 4*s - 62. What is the units digit of y(-27)?
5
Let n(h) = -352*h + 69. What is the units digit of n(-2)?
3
Let u(a) = -a**2 - 8*a - 4. Let s be u(-7). Let b be (s + -1)*5/(-2). Let o(c) = c**3 + 5*c**2 - 3*c + 5. What is the units digit of o(b)?
0
What is the hundreds digit of (-16)/(-56) + (-10538)/14*-1?
7
Let o = 837 + -407. What is the units digit of o?
0
Suppose 0 = -c - 3*y + 24, 44 = 5*c - 0*c - 4*y. Let g(r) = 4*r**3 - c*r**2 - 18*r + 7*r - 3*r**3. What is the units digit of g(13)?
6
Let i = 96 - 89. What is the tens digit of 172/602 + 124/i + 0?
1
Let w = -1349 + 2099. What is the tens digit of w?
5
Let d be (-6 - -9)*-1*3. Let b(v) = v**3 + 8*v**2 - 11*v + 12. Let q be b(d). What is the units digit of (-296)/(-30) + 4/q?
0
Suppose 132 = d - 129. What is the units digit of d?
1
Let d(y) = -15*y - 15. Let p be d(10). Let h = p - -322. What is the hundreds digit of h?
1
Let g(n) = -n**3 + 3*n**2 + 4*n + 5. Let o be g(4). Suppose 3*t = -2*a + 4*t - 18, o*t = 0. What is the units digit of (-18)/81 + (-101)/a?
1
Let v = 26 + -10. Let k = 21 - v. Suppose 0 = k*i + 2*c - 114, 93 = -i + 5*i + c. What is the tens digit of i?
2
Let p(d) = 1. Let z(q) = -9*q + 7. Suppose -5*l + 3 = 8. Let s(t) = l*z(t) + 2*p(t). What is the tens digit of s(3)?
2
What is the tens digit of 5/30*-9 + (-3402)/(-4)?
4
Let c(g) = g**2 - 8*g - 31. What is the units digit of c(12)?
7
Let u(v) = v**2 + 21*v + 117. Let x be u(-19). Let g be 3/((-6)/(-4))*1. Suppose -x = -g*z + 15. What is the units digit of z?
7
What is the thousands digit of (-14572)/(-2)*((-4)/2)/(-4)?
3
Let m(p) = 26*p - 51. What is the hundreds digit of m(7)?
1
Suppose -1794 = 2*f - 41*f. What is the units digit of f?
6
Suppose 3*s = 3*s + 2*s. Suppose -11*m + 164 + 375 = s. What is the tens digit of m?
4
Let r(g) = -22*g - 47. What is the hundreds digit of r(-30)?
6
Let l = -1898 + 3649. What is the hundreds digit of l?
7
Let g(o) = o**3 - 3*o**2 - 2*o - 2. Let y be g(4). Let d be (4 + -3)*(y + -1). Suppose -d*k + 201 = -w, 3*w - 2*w + 1 = 0. What is the units digit of k?
0
Let q be (-8)/(-48) - 443/(-6). Suppose 0 = -3*t + 4 + q. What is the units digit of t?
6
Let u be 3/(-4) - 81/(-12). Suppose -6*y - 2*v = -3*y - 6, 2*v = u. Let q = 6 + y. What is the units digit of q?
6
Let j(z) = -4*z**3 - z**2 + z - 13. What is the hundreds digit of j(-4)?
2
Let l = 1034 - -434. What is the thousands digit of l?
1
What is the units digit of ((-5 - -5) + 3)*291/9?
7
Let g = -11 - -8. Let k be (12/g)/(-4) - -142. Suppose -t + 3*t - k = d, -3 = -d. What is the units digit of t?
3
Let t(c) = -c**3 - 2*c**2 + 9*c + 1. What is the tens digit of t(-5)?
3
Let o = 617 + 324. What is the hundreds digit of o?
9
Suppose 7 = -l + 3*b, -b = -2*l + 8 + 3. What is the tens digit of (-16)/(-6)*480/l?
6
Suppose 0 = 3*f - 46 - 47. Suppose 0 = a - 5 - f. Suppose 5*z - a = 2*z. What is the units digit of z?
2
Let j be 7 + (-3)/1 - 2. Suppose f = 1, -f = -5*x + j*f + 257. What is the tens digit of x?
5
Let f = -213 - -320. Let j = f - 62. What is the units digit of j?
5
What is the hundreds digit of -1 + 21184/4 + 3?
2
Suppose 2*d = 3*d + 4*a + 4, -5*a - 5 = -4*d. Suppose 5*t - 49 + 9 = d. What is the units digit of t?
8
Suppose -8499*n = -8501*n + 5886. What is the thousands digit of n?
2
Let f be 4/(-8)*1*0. Suppose f = l + 4*n + 6 + 24, 0 = 5*l - 5*n + 75. What is the units digit of l/((-7)/((-28)/(-8)))?
9
Let v be 12*(3/(-6) + 1). Let o(w) be the second derivative of -w**5/20 + 7*w**4/12 - w**3/6 + 9*w. What is the units digit of o(v)?
0
Suppose -5*q + 18 = -2*q. What is the tens digit of (-153)/(-6) - 9/q?
2
Let g(c) = c**3 - 18*c**2 - 14*c - 19. Suppose 28*j - 29*j = -19. What is the units digit of g(j)?
6
Let w(j) = j**2 - 12*j + 14. Let k be w(11). Suppose k*o + 1024 = 11*o. What is the tens digit of o?
2
Let s be (21 + -4 + 1)/2. Let o be (-6948)/(-81) - (-2)/s. Suppose -5*i = -3*h - 254, -2*i - 3*h + o = h. What is the units digit of i?
9
Let s = 25 + -10. Let u = s + 52. What is the tens digit of u?
6
Let f(m) = -2*m + 8. Let p be f(9). Let j = 9 + p. What is the units digit of (-6)/15*-5 - j?
3
Suppose -2*k + 7 + 3 = 0. Suppose -k*n = -0*n - 165. Let m = 2 + n. What is the tens digit of m?
3
Let u(m) = 3*m**2 - 2*m + 3. Let r be u(2). Suppose -w = 2*t + 17, -3*w - r - 8 = -2*t. Let d = 14 + w. What is the units digit of d?
5
Suppose 16*i - 2906 + 842 = 0. What is the units digit of i?
9
Let p = -72 + 330. What is the hundreds digit of p?
2
Suppose -2*r - 2136 = -2*t, 2*r + 2*r - 8 = 0. What is the hundreds digit of t?
0
Let c = -56 + 88. What is the units digit of (c/(-10))/((-3)/30)?
2
Let r be (-1)/(4/(-70)) - (-24)/16. Suppose -r*n - 327 = -1771. What is the tens digit of n?
7
Let f(m) be the second derivative of -1/6*m**3 + 15/2*m**2 + 0 - 6*m + 1/12*m**4. What is the tens digit of f(0)?
1
Let s(h) = 24*h - 62. Let k be 2 - 1*(0 + -5). What is the tens digit of s(k)?
0
Let i(y) = y**3 + 7*y**2 - y - 6. Let k be i(-7). Suppose -3*p - 16 = -x - 7*p, -k = -4*x + 5*p. What is the units digit of x?
4
Let u = 125 + -301. Let k = u + 126. What is the units digit of 12/(-84) + k/(-7)?
7
Let l(s) = -s + 6. Let r be l(4). Let c(m) = -4*m. Let v be c(r). What is the tens digit of ((-20)/v - 0)*10?
2
Let b(g) = -9*g**3 + 9*g**2 + 41*g + 67. Let o(u) = 5*u**3 - 4*u**2 - 21*u - 34. Let d(t) = 6*b(t) + 11*o(t). What is the tens digit of d(-8)?
3
Let k = -10 - -13. Suppose r - 4*t = 21, 4*r - k*t - 31 = 14. Suppose -4*l = -r*l + 125. What is the units digit of l?
5
Let w be 2/5 - (-7780)/50. Suppose -n = 3*r - 69, 2*n + 0*n - 3*r = w. What is the tens digit of n?
7
Suppose -17*v + 6092 = -4499. What is the tens digit of v?
2
Let k be -2 - (-3 + 0) 